 2d3cc92?
2d3cc96
In base 4, what is 3330111 - 30332?
3233113
In base 15, what is 15e - c9199?
-c903a
In base 5, what is 131114303434 - 13?
131114303421
In base 16, what is -344c9 - -6?
-344c3
In base 3, what is -12021111 + 1022211?
-10221200
In base 7, what is -32401453 - 3?
-32401456
In base 4, what is 1 + -31030110033?
-31030110032
In base 4, what is 2 + -233030021?
-233030013
In base 3, what is 1122211121 - 20211?
1122120210
In base 3, what is -1110101020212 + 201?
-1110101020011
In base 2, what is 1000110001101 + 1000011000?
1001110100101
In base 7, what is 110643141 - 3?
110643135
In base 9, what is -2 + -20824446?
-20824448
In base 6, what is -221554042 - 122?
-221554204
In base 8, what is -4 + 76727417?
76727413
In base 6, what is -3140304322 + -14?
-3140304340
In base 2, what is -1011100101000 + 101001100010111010?
101000000110010010
In base 15, what is -5 + -19d5bb?
-19d5c1
In base 4, what is -3111013 - 233232?
-10010311
In base 2, what is 110 - 10001000110101000010?
-10001000110100111100
In base 11, what is -8 + 259a922?
259a915
In base 16, what is abc86 - 3e?
abc48
In base 5, what is -20111202 - -4441?
-20101211
In base 11, what is 12562 + -664?
119a9
In base 4, what is 1102011 + -12131033?
-11023022
In base 6, what is 4 + 204545134?
204545142
In base 12, what is 187ab18b - -2?
187ab191
In base 12, what is 263446a9 - -4?
263446b1
In base 8, what is 563705 - 110?
563575
In base 2, what is 10001 + -1100111101101001?
-1100111101011000
In base 8, what is 47077336 + 56?
47077414
In base 3, what is 1121212102 - -20202121?
1212122000
In base 15, what is 7a0 + -31d66?
-315b6
In base 16, what is 457f5 - 6?
457ef
In base 4, what is -112012110112003 - -2?
-112012110112001
In base 3, what is 11 + -10100111012201111?
-10100111012201100
In base 8, what is 6773714 + 106?
6774022
In base 5, what is 14333 - -3142210?
3212043
In base 14, what is 99644 - -3?
99647
In base 3, what is 1202 - -20001101211222?
20001101220201
In base 8, what is 22 + -720045?
-720023
In base 5, what is -12040230044 + -10?
-12040230104
In base 9, what is -17742 - -2455?
-15276
In base 8, what is 1 - 21322051?
-21322050
In base 2, what is 10001001010 + -10010011010?
-1010000
In base 9, what is -27562267 + 1?
-27562266
In base 16, what is -17 + -e22a?
-e241
In base 11, what is 34 - -254493?
254517
In base 8, what is -101414432 + -5?
-101414437
In base 2, what is -1101110001011101110 - 110?
-1101110001011110100
In base 6, what is 24 - 44534034?
-44534010
In base 13, what is 3 - 55ccba2?
-55ccb9c
In base 8, what is 15373660 - 1?
15373657
In base 2, what is -100101110010011 - 110111000011011?
-1011100110101110
In base 6, what is 5 - -21030505252?
21030505301
In base 7, what is -5 + -23115101?
-23115106
In base 3, what is 2200002121100011 + 10?
2200002121100021
In base 2, what is -11 + 110111101111100010001101111?
110111101111100010001101100
In base 13, what is -731 - 6b27?
-7558
In base 14, what is 1c33c1c - -24?
1c33c42
In base 4, what is 112 - 302131132212?
-302131132100
In base 8, what is 6 + 30136375?
30136403
In base 10, what is 19642 - -16?
19658
In base 16, what is 2faf + -182?
2e2d
In base 7, what is -434 - -1513200?
1512433
In base 13, what is -1734a - -86?
-17294
In base 14, what is -1820 - -27440?
25a20
In base 8, what is -1 - 15375303?
-15375304
In base 14, what is -1c + 8a273c?
8a2720
In base 5, what is 11244 - 4202211?
-4140412
In base 3, what is -11120200221 + 1011010?
-11112112211
In base 12, what is -287 - -70989?
70702
In base 16, what is -488cd + cc?
-48801
In base 16, what is ab23d - -110?
ab34d
In base 13, what is -16a8 + 58a2?
41c7
In base 9, what is 1077 + -1223632?
-1222544
In base 6, what is -224 - -331404?
331140
In base 3, what is -22101212 + 110110?
-21221102
In base 12, what is -20 + 305018?
304bb8
In base 5, what is 4331 + -133344?
-124013
In base 2, what is -11010110010101001011001 - 10?
-11010110010101001011011
In base 6, what is -355355 + -45141?
-444540
In base 4, what is -3132 + 1320133123?
1320123331
In base 10, what is 1867325 - 6?
1867319
In base 15, what is 8c - 84c?
-7b0
In base 16, what is 8ee - -ef66?
f854
In base 8, what is -35477 - -4075?
-31402
In base 14, what is -27909 - 18?
-27923
In base 7, what is 156403 + 100?
156503
In base 9, what is -321 + -122446?
-122767
In base 7, what is 21541514 - 322?
21541162
In base 16, what is -48d2 + -6f2?
-4fc4
In base 13, what is -1c1 - -430?
23c
In base 7, what is -24065436 - -4?
-24065432
In base 6, what is 2531004 + 30?
2531034
In base 2, what is -1000100 - 10001100101101010011000?
-10001100101101011011100
In base 5, what is -2020213 + 14313?
-2000400
In base 11, what is -4 - -6263631?
6263628
In base 12, what is 5 - -3a425b1b?
3a425b24
In base 13, what is -5 + -104505?
-10450a
In base 11, what is 68a2006 + -1?
68a2005
In base 2, what is -110 - 10100110111111000011111100?
-10100110111111000100000010
In base 15, what is 61 - -d124?
d185
In base 15, what is -565ab6 - -4?
-565ab2
In base 7, what is -42113455424 - 3?
-42113455430
In base 15, what is d8c8a - -11?
d8c9b
In base 10, what is -7796457 + 31?
-7796426
In base 10, what is 3385059 - 69?
3384990
In base 15, what is 89671 - 63?
8960d
In base 8, what is -13 - 1373327?
-1373342
In base 15, what is -5e2c49 - 25?
-5e2c6e
In base 14, what is 68 - -2623a9?
262433
In base 11, what is 22a7559 + -4?
22a7555
In base 8, what is 1013 - 100522?
-77507
In base 3, what is 2002000222 - -100120?
2002101112
In base 15, what is 90cb82 - -1?
90cb83
In base 10, what is 115 - 827089?
-826974
In base 8, what is 3 + -175774561?
-175774556
In base 13, what is -18 - -215b15?
215aca
In base 4, what is -10 + 300103203?
300103133
In base 13, what is 4a2a - -328?
5055
In base 5, what is 12032 - 1123241?
-1111204
In base 4, what is -21111313333 - 2?
-21111320001
In base 3, what is -211110222112100 + -101?
-211110222112201
In base 9, what is 4 + 8527047?
8527052
In base 9, what is 582 - -4887513?
4888205
In base 11, what is 72 + -493a703?
-493a641
In base 9, what is -7 + -5737825?
-5737833
In base 6, what is -3243330 - 111?
-3243441
In base 4, what is -10031103 - -31311?
-3333132
In base 4, what is 1 - 11131233300?
-11131233233
In base 3, what is 1 + 10022200210222001?
10022200210222002
In base 5, what is -241410 + -33044?
-330004
In base 10, what is -19463 + 20789?
1326
In base 10, what is 426654245 + 0?
426654245
In base 16, what is -2da62c - 35?
-2da661
In base 13, what is -1174728 + -6?
-1174731
In base 14, what is 10 - -4188aa?
4188ba
In base 12, what is 5 - -2536a012?
2536a017
In base 10, what is 1260240 - -353?
1260593
In base 16, what is -2eb6 - 281?
-3137
In base 2, what is 100010100110111100 + 11110?
100010100111011010
In base 11, what is -167 + -146443?
-1465aa
In base 16, what is 0 + 8a6014?
8a6014
In base 7, what is 6 - 353061440?
-353061431
In base 13, what is -31390 - -147?
-31246
In base 12, what is 55 - -15366?
153bb
In base 11, what is 46557 - -134a?
478a6
In base 10, what is 300410103 - 1?
300410102
In base 7, what is -4156044 - -320?
-4155424
In base 4, what is 330221012130 + 10?
330221012200
In base 4, what is -2230 - 3133133?
-3202023
In base 13, what is 16 + 16a44aa?
16a44c3
In base 11, what is 3 - -2267566?
2267569
In base 9, what is 165806610 - 5?
165806604
In base 5, what is 142 + 140022411?
140023103
In base 11, what is -76a349a4 - 2?
-76a349a6
In base 11, what is -88268a - -112?
-882578
In base 6, what is 2 - 14230101031?
-14230101025
In base 2, what is -10101101000101 - -111000001?
-10100110000100
In base 14, what is -849b378 - 2?
-849b37a
In base 7, what is 1614242 + -626?
1613313
In base 10, what is 7380 + 18656?
26036
In base 12, what is 0 - 7581153?
-7581153
In base 2, what is 1000011111 + 110110110111011001?
110110111111111000
In base 7, what is -310354 - 251?
-310635
In base 13, what is -22 - -2aa374?
2aa352
In base 6, what is -440415540 + -1?
-440415541
In base 15, what is -5 + -3e9b12?
-3e9b17
In base 8, what is 151434060 - -3?
151434063
In base 5, what is 11041444 + -20321?
11021123
In base 9, what is -704 - 250751?
-251555
In base 13, what is -c61093 + 11?
-c61082
In base 4, what is 100222231130 - 22?
100222231102
In base 7, what is -34140 - -50661?
13521
In base 2, what is -10010011001111111010 - 10?
-10010011001111111100
In base